uppose 0 = -2*u - u + 78. Suppose 0*v = 2*v + 3*l - u, -3*l = -6. Suppose v*j = 5*j + 340. What is the tens digit of j?
6
Suppose 29 = -u - 5*t, 0 = 2*u + t - 6*t - 2. What is the tens digit of (u - 105937/(-78)) + 1/(-6)?
4
Suppose 3*s - 77454 = -3*h, 3*h + 4*s + 14231 = 91686. What is the thousands digit of h?
5
Let h be (-4)/(6/15*5). What is the hundreds digit of (2 - (-3)/h)*(308 + -6)?
1
Suppose -11*s + 68 = 706. What is the tens digit of 2/1*(-3)/4*s?
8
Let z = -52 + 55. Let c be (-9)/(-27)*z/(-4)*-12. Suppose -206 = -2*n - p, 348 = c*n + p + 38. What is the hundreds digit of n?
1
Suppose 320 = 10*v - 270. Suppose -3*r + 8*r - 1140 = 0. Suppose 55*i + r = v*i. What is the tens digit of i?
5
Let g(d) = 189*d**2 - 222*d + 7. What is the units digit of g(5)?
2
Suppose -3*v + y = -564 - 2542, -2060 = -2*v - 2*y. What is the tens digit of v*((-25)/(-25) + (-1)/2)?
1
Suppose -31*u + 13915 = -20*u. Suppose 17*z - 12*z = u. What is the units digit of z?
3
Let l = 146 - -328. Suppose y + 4*u + 68 - l = 0, -5*y - u + 1935 = 0. What is the tens digit of y?
8
Suppose -3*z + 0*z = -708. Let p(c) = -2*c**2 - 64*c + 87. Let w be p(-35). Let u = z + w. What is the units digit of u?
3
Suppose -984 = -10*f + 22*f. What is the tens digit of (-420)/150*(f + 2)?
2
Let n be (-15 + 16 - (-1)/(-2))*10. Suppose 271 = 5*z + 3*x, -47 = n*z + 5*x - 312. What is the tens digit of z?
5
Let b = -46145 - -66833. What is the tens digit of b?
8
Suppose -84*y - 13789 = -509053. What is the thousands digit of y?
5
Let z(w) = -680*w - 42. Suppose 10*t = -64 + 44. What is the hundreds digit of z(t)?
3
Suppose 2*r = -3*u - 2, u - 5*u + 3*r + 3 = 0. Suppose 10*i - 6*i - 1508 = u. What is the hundreds digit of i?
3
Let t be ((-240)/14)/(8/(-896)). Suppose 19*i - 17*i - t = 0. Suppose 9*s - 17*s = -i. What is the tens digit of s?
2
Suppose 3*v - 8*d = -3*d + 31, -1 = v + 4*d. What is the units digit of -3*((-7203)/9)/v?
3
Suppose 4*w = -3*r + 784, 4*w = r + 714 + 54. Let a = w + -119. What is the tens digit of a?
7
Let y(n) = -n**3 + 4*n**2 - n - 1. Let f be y(2). Suppose r + 4*r - 7200 = -f*m, 5*m = 0. Suppose i + r = 13*i. What is the hundreds digit of i?
1
Let g = -148 - -188. Suppose 14 = 2*r + 4, g = 5*v - 4*r. What is the units digit of v?
2
Let s(f) = -112*f**3 - 15*f**2 - 9*f - 6. What is the hundreds digit of s(-9)?
5
Suppose -5*i = 4*r - 690, 224 = 2*i - 2*r - 34. Let g = i - 106. What is the tens digit of g?
2
Let t(x) = 37*x**2 - 3*x - 30. Let s be t(-15). Suppose 4*d - 2*u - 6684 = -0*d, -5*d - 5*u = -s. What is the thousands digit of d?
1
Let d(j) = j**2 - 34. Let z be d(-6). Let q(u) = -25*u**3 - 3*u**z + 57*u**3 + 5*u - 30*u**3 + 1. What is the tens digit of q(5)?
0
Let m be -2*(-438)/180 + 6/45. Suppose -576 = -m*i + 1139. What is the units digit of i?
3
Let f = -282 - -439. Let i(z) = -z**3 - 9*z**2 + 4*z - 5. Let a be i(-4). Let s = f + a. What is the tens digit of s?
5
Let q(m) = 1394*m + 2219. What is the thousands digit of q(5)?
9
Let i = -21 - -26. Let r be (0 - i)/((-25)/(-75)). What is the hundreds digit of ((-18)/r + -2)/(2/(-375))?
1
Let w(p) = p**3 + 11*p**2 + 2*p. Let i be w(-6). Suppose -i = 10*j - 16*j. Let v = 119 + j. What is the units digit of v?
7
Suppose -2986 = -2*f - 4*a, -4*f + 5*a + 3603 = -2317. Suppose 0 = -5*l + z + f, -2*l + 1194 = 2*l - 2*z. What is the hundreds digit of l?
2
Suppose -7*u + 3*u + 1406 + 10310 = 0. What is the thousands digit of u?
2
Suppose 4*h - 25 = -s + 35, -s - 45 = -3*h. Suppose h + 13 = 7*w. What is the units digit of (3/(-4))/(w/(-1296))?
3
Suppose -j + 49 - 11 = 3*q, 4*q - 60 = j. Suppose 200 = q*n - 6*n. Suppose 0*y - 2*f - n = -3*y, -2*f + 10 = 2*y. What is the units digit of y?
7
Let f be 68*(-3)/(-8)*(-4)/6. What is the units digit of ((6 - f) + 5)*(-216)/(-7)?
4
Let q(y) = -14*y - 42. Let v be q(-5). What is the hundreds digit of 1*((-15533)/(-13) + v/182)?
1
Suppose -6 = -4*z + 2. Suppose -z*d - 66 + 24 = 0. What is the units digit of 158/3*d/(-14)?
9
Suppose -9*b = 21*b - 2121240. What is the units digit of 2/(-9) - b/(-99)?
4
Let b be (-32)/12*(-9)/6. Let i be (-3)/(12/8)*10/b. What is the units digit of 131*(8/6 + i/15)?
1
Let t(h) = 25*h**3 - 9*h**2 + 27*h - 32. What is the tens digit of t(3)?
4
Let i(r) = r**2 + 4*r - 18. What is the tens digit of i(18)?
7
Let f be 4*(-1 + 3 + -1). What is the tens digit of 19/(((-15)/40)/((-6)/f))?
7
What is the ten thousands digit of 4/(-96)*-18*16648?
1
Suppose 2*t = 2*p + 7*t - 7, 5*t = 2*p + 3. What is the hundreds digit of ((0 - -322)/(-7))/(p/(-19))?
8
Let x be ((740/(-15))/1)/((-8)/12). Suppose 2*r = 4*d + 120, 0 = 3*r - 2*r + 5*d - x. What is the tens digit of r?
6
Suppose j + 4*k + 13872 - 51963 = 0, -7*j = k - 266826. What is the tens digit of j?
1
Suppose 2*w = -2*h + 7*h + 387, h + 613 = 3*w. What is the hundreds digit of (-2)/(-1 - (-202)/w)?
1
Let v(x) = -9*x**2 + 3*x + 9. Let z be v(4). Let y = z - -274. What is the hundreds digit of y?
1
Let z = 3728 - 6784. Let s = z + 4292. What is the tens digit of s?
3
Let m = -30 - -35. Let d(k) be the first derivative of 29*k**2/2 + 9*k + 27. What is the tens digit of d(m)?
5
Let k be (1 - 9)*(-14)/28. Suppose 0 = 2*g - 3*i + 5*i - 516, 5*i - 1028 = -k*g. What is the tens digit of ((g/4)/(-1)*-2)/1?
3
Let r = 104 + -210. Suppose 0 = 5*w + 3*p - 1324, 4*p - 75 = w - 349. Let h = w + r. What is the units digit of h?
0
Let l be -1 + 9287 - (3 + -4)/(-1). Suppose -39*r + l = 3357. What is the hundreds digit of r?
1
What is the units digit of (-1)/(27/90*(-10)/17895)?
5
Let n(a) be the first derivative of -3/2*a**2 + 15 + 1/3*a**3 + 13*a. What is the units digit of n(-6)?
7
Suppose 64 = 5*p - 136. Let l = 70 - p. Let i = l - -107. What is the units digit of i?
7
Let k(o) = -15*o + 10. Let w be 296/(-6) - 1/(-3). Let r = -56 - w. What is the units digit of k(r)?
5
Let k(v) = -v**3 - 3*v**2 - 39*v - 28. What is the units digit of k(-17)?
1
Let c be 1245 + 1 + 1/1. Suppose -m = 3*p + p - c, -2*m = 5*p - 1558. Suppose -p - 368 = -4*o. What is the hundreds digit of o?
1
Let k(t) = 55*t - 74. Let o be k(5). Suppose -q + 4*s = -312 + 103, q = -4*s + o. What is the units digit of q?
5
Let x(k) = 53*k + 16. Let p be x(2). Suppose p = y - 89. What is the hundreds digit of y?
2
Suppose 0 = 6*f - 16*f + 210. What is the units digit of 5 - 77/f - (-70)/6?
3
Suppose -2*l = -5*a + 132839 + 17844, -a + 3*l = -30160. What is the hundreds digit of a?
1
Let o(y) = -3*y + 4*y - 6 - y**2 - 6*y. Let j be o(-2). Suppose l = d + 8, l + l + 3*d + 9 = j. What is the units digit of l?
3
Suppose 5*o = -19*w + 24*w - 10175, -4*w + 5*o + 8134 = 0. What is the thousands digit of w?
2
Let m(t) = 82*t**2 + 83*t - 853. What is the thousands digit of m(10)?
8
Suppose 12*s = -7*s + 8151. What is the units digit of (s - 34) + (-1 - -1 - -4)?
9
Suppose 60*b = 64*b - 5*s - 23068, 0 = -b + s + 5766. What is the thousands digit of b?
5
Let n = 461 - 463. What is the hundreds digit of 68*((3 - n) + (-27)/12)?
1
Let r = 118379 + -79061. What is the tens digit of r?
1
Suppose -b + 6*b + 120 = 0. Suppose 2*p = 2, -2*m - 3*p - 66 - 123 = 0. Let n = b - m. What is the units digit of n?
2
Let n = 235 + -232. Suppose -4*b - 7*v = -8*v - 5691, 4*v = -n*b + 4273. What is the thousands digit of b?
1
Let y = 9901 + -4327. What is the tens digit of y?
7
Suppose 2*v - 55 = 13*v. Let u(g) = 0*g**2 + 2*g + 0*g**2 + 2 + 4*g**2. What is the units digit of u(v)?
2
Let z = -4 + 9. Let i = 2589 + -2493. Suppose z*m - 5*d - 285 = 0, -2*m + 4*d + i = 8*d. What is the tens digit of m?
5
Let v(c) = c**3 - 55*c**2 - 47*c + 35. What is the tens digit of v(57)?
5
Let d be -6 + -1*(-24)/3. Suppose 1430 = a - 5*q, 4*q - 2846 = -d*a + 7*q. What is the tens digit of a?
2
What is the thousands digit of 4/(-12) - 8437/33*-239?
1
What is the units digit of 28/(252/(-459))*646/(-2)?
3
Let p = -1897 - -5303. What is the thousands digit of p?
3
Suppose 1987*p - 1970*p = 448528. What is the hundreds digit of p?
3
Let f(a) = 5*a**2 - 70*a - 24. Let n = -51 - -72. What is the units digit of f(n)?
1
Let l = -5 - -140. Suppose 3*p + 3*f = l, -p = -4*p + 3*f + 105. Let x = p + 0. What is the units digit of x?
0
Suppose 2*y = 2*v + 8, 0 = -533*v + 536*v + 5*y + 4. Suppose -6*a + 18 = -a + 2*q,